{"id":57,"date":"2025-07-19T12:17:37","date_gmt":"2025-07-19T12:17:37","guid":{"rendered":"https:\/\/multimedianews.fotofreund.ch\/?page_id=57"},"modified":"2025-08-26T07:44:23","modified_gmt":"2025-08-26T07:44:23","slug":"it-news","status":"publish","type":"page","link":"https:\/\/multimedianews.fotofreund.ch\/?page_id=57","title":{"rendered":"Multimedia News IT\/Film"},"content":{"rendered":"<ul class=\"is-grid columns-3 has-dates wp-block-rss\"><li class='wp-block-rss__item'><div class='wp-block-rss__item-title'><a href='https:\/\/www.kino.de\/film\/platz-1-auf-amazon-prime-video-mark-wahlberg-zerstoert-in-fsk-18-komoedie-die-fussball-wm--01KM3HFYAEC6SPBMTH1R2XTSEC'>Platz 1 auf Amazon Prime Video: Mark Wahlberg zerst\u00f6rt in FSK-18-Kom\u00f6die die Fu\u00dfball-WM<\/a><\/div><time datetime=\"2026-04-17T13:30:32+00:00\" class=\"wp-block-rss__item-publish-date\">April 17, 2026<\/time> <\/li><li class='wp-block-rss__item'><div class='wp-block-rss__item-title'><a href='https:\/\/www.kino.de\/streaming\/neuer-horrorthriller-der-weapons-macher-schickt-severance-star-in-einen-irischen-albtraum--01KPDS8Z9KCAYC1XJ5N69K32X2'>Neuer Horrorthriller der \u201eWeapons\u201c-Macher schickt \u201eSeverance\u201c-Star in einen irischen Albtraum<\/a><\/div><time datetime=\"2026-04-17T13:14:53+00:00\" class=\"wp-block-rss__item-publish-date\">April 17, 2026<\/time> <\/li><li class='wp-block-rss__item'><div class='wp-block-rss__item-title'><a href='https:\/\/www.kino.de\/stars\/eberhoferkrimis-das-ist-mit-der-oma-aus-dem-ersten-film-passiert--01K2C4KAFB1P8JZN906F3HQZ8C'>Eberhoferkrimis: Das ist mit der Oma aus dem ersten Film passiert<\/a><\/div><time datetime=\"2026-04-17T12:57:41+00:00\" class=\"wp-block-rss__item-publish-date\">April 17, 2026<\/time> <\/li><li class='wp-block-rss__item'><div class='wp-block-rss__item-title'><a href='https:\/\/www.kino.de\/news\/kino-comeback-von-avengers-endgame-bietet-voellig-neue-szenen-in-vorbereitung-auf-avengers-doomsday--01KPDQAST893F6A8RWHAJ75HFR'>Kino-Comeback von \u201eAvengers: Endgame\u201c bietet v\u00f6llig neue Szenen in Vorbereitung auf \u201eAvengers: Doomsday\u201c<\/a><\/div><time datetime=\"2026-04-17T12:40:55+00:00\" class=\"wp-block-rss__item-publish-date\">April 17, 2026<\/time> <\/li><li class='wp-block-rss__item'><div class='wp-block-rss__item-title'><a href='https:\/\/www.kino.de\/news\/hat-mich-total-umgehauen-neu-hinzugefuegter-film-fesselt-das-netflix-publikum-hartem-thema--01KPDQ2QB8PTJFYV60REV3YR2W'>\u201eHat mich total umgehauen\u201c: Neu hinzugef\u00fcgter Film fesselt das Netflix-Publikum mit hartem Thema<\/a><\/div><time datetime=\"2026-04-17T12:36:31+00:00\" class=\"wp-block-rss__item-publish-date\">April 17, 2026<\/time> <\/li><li class='wp-block-rss__item'><div class='wp-block-rss__item-title'><a href='https:\/\/www.kino.de\/news\/mit-nicolas-cage-als-satanischer-serienmoerder-horror-hit-wird-nach-ueberraschungserfolg-im-kino-fortgesetzt--01KP8AAVPRSBZGQPPEQ16VDND7'>Mit Nicolas Cage als satanischer Serienm\u00f6rder: Horror-Hit wird nach \u00dcberraschungserfolg im Kino fortgesetzt<\/a><\/div><time datetime=\"2026-04-17T12:34:56+00:00\" class=\"wp-block-rss__item-publish-date\">April 17, 2026<\/time> <\/li><li class='wp-block-rss__item'><div class='wp-block-rss__item-title'><a href='https:\/\/www.kino.de\/film\/apokalyptischer-erster-trailer-zeigt-euphoria-star-in-neuem-endzeit-abenteuer-von-ridley-scott--01KPDPP54BRCR78AVN98SJQQBC'>Apokalyptischer erster Trailer zeigt \u201eEuphoria\u201c-Star in neuem Endzeit-Abenteuer von Ridley Scott<\/a><\/div><time datetime=\"2026-04-17T12:29:39+00:00\" class=\"wp-block-rss__item-publish-date\">April 17, 2026<\/time> <\/li><li class='wp-block-rss__item'><div class='wp-block-rss__item-title'><a href='https:\/\/www.kino.de\/news\/the-mandalorian-grogu-beantwortet-star-wars-frage-die-sich-sci-fi-fans-seit-monaten-stellen--01KPDNS4X95V9YB7D2DXCH1ETJ'>\u201eThe Mandalorian &amp; Grogu\u201c beantwortet \u201eStar Wars\u201c-Frage, die sich Sci-Fi-Fans seit Monaten stellen<\/a><\/div><time datetime=\"2026-04-17T12:13:48+00:00\" class=\"wp-block-rss__item-publish-date\">April 17, 2026<\/time> <\/li><li class='wp-block-rss__item'><div class='wp-block-rss__item-title'><a href='https:\/\/www.kino.de\/news\/psychologische-folter-marvel-enthuellt-doctor-doom-im-ersten-avengers-doomsday-trailer-doch-darum-sind-mcu-fans-jetzt-frustriert--01KPDKSSTYNWA4Q9XRKET4ZFS0'>\u201ePsychologische Folter\u201c: Marvel enth\u00fcllt Doctor Doom im ersten \u201eAvengers: Doomsday\u201c-Trailer \u2013 doch darum sind MCU-Fans jetzt frustriert<\/a><\/div><time datetime=\"2026-04-17T11:39:13+00:00\" class=\"wp-block-rss__item-publish-date\">April 17, 2026<\/time> <\/li><li class='wp-block-rss__item'><div class='wp-block-rss__item-title'><a href='https:\/\/www.kino.de\/film\/netflix-legt-kultigen-actionthriller-mit-denzel-washington-als-serie-neu-auf-trailer-und-starttermin--01KPDK19T5JC3P70TC4J5Q3K4A'>Netflix legt kultigen Actionthriller mit Denzel Washington als Serie neu auf: Trailer und Starttermin<\/a><\/div><time datetime=\"2026-04-17T11:25:48+00:00\" class=\"wp-block-rss__item-publish-date\">April 17, 2026<\/time> <\/li><li class='wp-block-rss__item'><div class='wp-block-rss__item-title'><a href='https:\/\/www.kino.de\/news\/samstag-im-tv-der-ungewoehnlichste-aller-eberhofer-krimis--01K2C4JYJ5EFVAJ318JK90TC0H'>Samstag im TV: Der ungew\u00f6hnlichste aller Eberhofer-Krimis<\/a><\/div><time datetime=\"2026-04-17T10:41:13+00:00\" class=\"wp-block-rss__item-publish-date\">April 17, 2026<\/time> <\/li><li class='wp-block-rss__item'><div class='wp-block-rss__item-title'><a href='https:\/\/www.kino.de\/news\/schnaeppchen-fuer-batman-fans-amazon-verkauft-beliebtes-lego-set-besonders-guenstig--01KPDDNR1NH0XQQX502WG1MKV1'>Schn\u00e4ppchen f\u00fcr Batman-Fans: Amazon verkauft beliebtes Lego-Set besonders g\u00fcnstig<\/a><\/div><time datetime=\"2026-04-17T09:52:08+00:00\" class=\"wp-block-rss__item-publish-date\">April 17, 2026<\/time> <\/li><\/ul>\n\n<ul class=\"has-dates has-excerpts wp-block-rss\"><li class='wp-block-rss__item'><div class='wp-block-rss__item-title'><a href='https:\/\/www.heise.de\/news\/Android-13-Google-hat-Support-fuer-Betriebssystem-eingestellt-11262547.html?wt_mc=rss.red.ho.beitrag.atom.beitrag.beitrag'>Android 13 erreicht Support-Ende: Millionen Ger\u00e4te betroffen<\/a><\/div><time datetime=\"2026-04-17T12:33:00+00:00\" class=\"wp-block-rss__item-publish-date\">April 17, 2026<\/time> <div class=\"wp-block-rss__item-excerpt\">Android 13 ist raus. Google hat schon Anfang M\u00e4rz den Support f\u00fcr die im Jahr 2022 ver\u00f6ffentlichte OS-Version eingestellt.<\/div><\/li><li class='wp-block-rss__item'><div class='wp-block-rss__item-title'><a href='https:\/\/www.heise.de\/news\/Apple-Laeden-bekommen-Hardware-zum-Zuruecksetzen-der-Apple-Watch-11261193.html?wt_mc=rss.red.ho.beitrag.atom.beitrag.beitrag'>Apple-L\u00e4den bekommen Hardware zum Zur\u00fccksetzen der Apple Watch<\/a><\/div><time datetime=\"2026-04-17T11:56:00+00:00\" class=\"wp-block-rss__item-publish-date\">April 17, 2026<\/time> <div class=\"wp-block-rss__item-excerpt\">Mangels physischem Zugang k\u00f6nnen User Apples Computeruhr nicht komplett resetten. Die L\u00e4den bislang auch nicht \u2013 das soll sich nun \u00e4ndern.<\/div><\/li><li class='wp-block-rss__item'><div class='wp-block-rss__item-title'><a href='https:\/\/www.heise.de\/news\/Apple-erhoeht-Recycling-Anteil-in-Produkten-aber-immer-noch-nur-bei-30-Prozent-11262217.html?wt_mc=rss.red.ho.beitrag.atom.beitrag.beitrag'>Apple erh\u00f6ht Recycling-Anteil in Produkten \u2013 aber immer noch nur bei 30 Prozent<\/a><\/div><time datetime=\"2026-04-17T11:24:00+00:00\" class=\"wp-block-rss__item-publish-date\">April 17, 2026<\/time> <div class=\"wp-block-rss__item-excerpt\">Es gibt durchaus Materialien, bei denen Apple zu 100 Prozent auf Recyclinganteil setzt. \u00dcber die gesamte Produktpalette hinweg sind es jetzt 30 Prozent.<\/div><\/li><li class='wp-block-rss__item'><div class='wp-block-rss__item-title'><a href='https:\/\/www.heise.de\/news\/Vorfall-bei-Vision-Pro-Filmproduktion-Toedlicher-Crash-in-Jordanien-11262221.html?wt_mc=rss.red.ho.beitrag.atom.beitrag.beitrag'>Vision-Pro-Immersive-Video: Pilotin stirbt bei Absturz<\/a><\/div><time datetime=\"2026-04-17T10:10:00+00:00\" class=\"wp-block-rss__item-publish-date\">April 17, 2026<\/time> <div class=\"wp-block-rss__item-excerpt\">Im Sommer 2024 kam es in Nahost zu einem tragischen Zwischenfall bei einer Apple-Videoproduktion. Der Absturz eines Kleinflugzeugs wird derzeit untersucht.<\/div><\/li><li class='wp-block-rss__item'><div class='wp-block-rss__item-title'><a href='https:\/\/www.heise.de\/news\/Apple-Manager-zu-Smart-Glasses-und-der-Frage-ob-Neo-ein-abgespecktes-Air-ist-11261197.html?wt_mc=rss.red.ho.beitrag.atom.beitrag.beitrag'>Apple-Manager zu Smart Glasses und der Frage, ob Neo ein abgespecktes Air ist<\/a><\/div><time datetime=\"2026-04-17T10:02:00+00:00\" class=\"wp-block-rss__item-publish-date\">April 17, 2026<\/time> <div class=\"wp-block-rss__item-excerpt\">Nach Apples Produktfeuerwerk im M\u00e4rz haben sich Technikchef John Ternus und Marketingboss Greg Joswiak zur weiteren Strategie des Konzerns ge\u00e4u\u00dfert.<\/div><\/li><li class='wp-block-rss__item'><div class='wp-block-rss__item-title'><a href='https:\/\/www.heise.de\/news\/Aerger-mit-aktueller-NordVPN-App-fuer-macOS-11261205.html?wt_mc=rss.red.ho.beitrag.atom.beitrag.beitrag'>\u00c4rger mit aktueller NordVPN-App f\u00fcr macOS<\/a><\/div><time datetime=\"2026-04-17T08:56:00+00:00\" class=\"wp-block-rss__item-publish-date\">April 17, 2026<\/time> <div class=\"wp-block-rss__item-excerpt\">User des VPN-Dienstes aus Litauen melden seit dem Upgrade auf Version 10.0 Verbindungs- und Bedienungsprobleme beim Mac-Client. 10.0.4 soll es richten.<\/div><\/li><li class='wp-block-rss__item'><div class='wp-block-rss__item-title'><a href='https:\/\/www.heise.de\/news\/Google-und-Gucci-arbeiten-an-Smart-Glasses-der-Luxusklasse-11261817.html?wt_mc=rss.red.ho.beitrag.atom.beitrag.beitrag'>Google und Gucci arbeiten an Smart Glasses der Luxusklasse<\/a><\/div><time datetime=\"2026-04-17T07:43:00+00:00\" class=\"wp-block-rss__item-publish-date\">April 17, 2026<\/time> <div class=\"wp-block-rss__item-excerpt\">Der franz\u00f6sische Luxuskonzern Kering arbeitet mit Google an Smart Glasses der Marke Gucci. Der Marktf\u00fchrer Meta k\u00f6nnte mit einer Prada-Brille kontern.<\/div><\/li><\/ul>\n\n\n<p><\/p>\n","protected":false},"excerpt":{"rendered":"","protected":false},"author":1,"featured_media":0,"parent":0,"menu_order":0,"comment_status":"closed","ping_status":"closed","template":"","meta":{"footnotes":""},"class_list":["post-57","page","type-page","status-publish","hentry"],"yoast_head":"<!-- This site is optimized with the Yoast SEO plugin v25.7 - https:\/\/yoast.com\/wordpress\/plugins\/seo\/ -->\n<title>Multimedia News IT\/Film - Multimedia News<\/title>\n<meta name=\"robots\" content=\"index, follow, max-snippet:-1, max-image-preview:large, max-video-preview:-1\" \/>\n<link rel=\"canonical\" href=\"https:\/\/multimedianews.fotofreund.ch\/?page_id=57\" \/>\n<meta property=\"og:locale\" content=\"de_DE\" \/>\n<meta property=\"og:type\" content=\"article\" \/>\n<meta property=\"og:title\" content=\"Multimedia News IT\/Film - Multimedia News\" \/>\n<meta property=\"og:url\" content=\"https:\/\/multimedianews.fotofreund.ch\/?page_id=57\" \/>\n<meta property=\"og:site_name\" content=\"Multimedia News\" \/>\n<meta property=\"article:modified_time\" content=\"2025-08-26T07:44:23+00:00\" \/>\n<meta name=\"twitter:card\" content=\"summary_large_image\" \/>\n<script type=\"application\/ld+json\" class=\"yoast-schema-graph\">{\"@context\":\"https:\/\/schema.org\",\"@graph\":[{\"@type\":\"WebPage\",\"@id\":\"https:\/\/multimedianews.fotofreund.ch\/?page_id=57\",\"url\":\"https:\/\/multimedianews.fotofreund.ch\/?page_id=57\",\"name\":\"Multimedia News IT\/Film - Multimedia News\",\"isPartOf\":{\"@id\":\"https:\/\/multimedianews.fotofreund.ch\/#website\"},\"datePublished\":\"2025-07-19T12:17:37+00:00\",\"dateModified\":\"2025-08-26T07:44:23+00:00\",\"breadcrumb\":{\"@id\":\"https:\/\/multimedianews.fotofreund.ch\/?page_id=57#breadcrumb\"},\"inLanguage\":\"de\",\"potentialAction\":[{\"@type\":\"ReadAction\",\"target\":[\"https:\/\/multimedianews.fotofreund.ch\/?page_id=57\"]}]},{\"@type\":\"BreadcrumbList\",\"@id\":\"https:\/\/multimedianews.fotofreund.ch\/?page_id=57#breadcrumb\",\"itemListElement\":[{\"@type\":\"ListItem\",\"position\":1,\"name\":\"Startseite\",\"item\":\"https:\/\/multimedianews.fotofreund.ch\/\"},{\"@type\":\"ListItem\",\"position\":2,\"name\":\"Multimedia News IT\/Film\"}]},{\"@type\":\"WebSite\",\"@id\":\"https:\/\/multimedianews.fotofreund.ch\/#website\",\"url\":\"https:\/\/multimedianews.fotofreund.ch\/\",\"name\":\"Multimedia News\",\"description\":\"News zu Fussball, IT, Gaming usw.\",\"potentialAction\":[{\"@type\":\"SearchAction\",\"target\":{\"@type\":\"EntryPoint\",\"urlTemplate\":\"https:\/\/multimedianews.fotofreund.ch\/?s={search_term_string}\"},\"query-input\":{\"@type\":\"PropertyValueSpecification\",\"valueRequired\":true,\"valueName\":\"search_term_string\"}}],\"inLanguage\":\"de\"}]}<\/script>\n<!-- \/ Yoast SEO plugin. -->","yoast_head_json":{"title":"Multimedia News IT\/Film - Multimedia News","robots":{"index":"index","follow":"follow","max-snippet":"max-snippet:-1","max-image-preview":"max-image-preview:large","max-video-preview":"max-video-preview:-1"},"canonical":"https:\/\/multimedianews.fotofreund.ch\/?page_id=57","og_locale":"de_DE","og_type":"article","og_title":"Multimedia News IT\/Film - Multimedia News","og_url":"https:\/\/multimedianews.fotofreund.ch\/?page_id=57","og_site_name":"Multimedia News","article_modified_time":"2025-08-26T07:44:23+00:00","twitter_card":"summary_large_image","schema":{"@context":"https:\/\/schema.org","@graph":[{"@type":"WebPage","@id":"https:\/\/multimedianews.fotofreund.ch\/?page_id=57","url":"https:\/\/multimedianews.fotofreund.ch\/?page_id=57","name":"Multimedia News IT\/Film - Multimedia News","isPartOf":{"@id":"https:\/\/multimedianews.fotofreund.ch\/#website"},"datePublished":"2025-07-19T12:17:37+00:00","dateModified":"2025-08-26T07:44:23+00:00","breadcrumb":{"@id":"https:\/\/multimedianews.fotofreund.ch\/?page_id=57#breadcrumb"},"inLanguage":"de","potentialAction":[{"@type":"ReadAction","target":["https:\/\/multimedianews.fotofreund.ch\/?page_id=57"]}]},{"@type":"BreadcrumbList","@id":"https:\/\/multimedianews.fotofreund.ch\/?page_id=57#breadcrumb","itemListElement":[{"@type":"ListItem","position":1,"name":"Startseite","item":"https:\/\/multimedianews.fotofreund.ch\/"},{"@type":"ListItem","position":2,"name":"Multimedia News IT\/Film"}]},{"@type":"WebSite","@id":"https:\/\/multimedianews.fotofreund.ch\/#website","url":"https:\/\/multimedianews.fotofreund.ch\/","name":"Multimedia News","description":"News zu Fussball, IT, Gaming usw.","potentialAction":[{"@type":"SearchAction","target":{"@type":"EntryPoint","urlTemplate":"https:\/\/multimedianews.fotofreund.ch\/?s={search_term_string}"},"query-input":{"@type":"PropertyValueSpecification","valueRequired":true,"valueName":"search_term_string"}}],"inLanguage":"de"}]}},"_links":{"self":[{"href":"https:\/\/multimedianews.fotofreund.ch\/index.php?rest_route=\/wp\/v2\/pages\/57","targetHints":{"allow":["GET"]}}],"collection":[{"href":"https:\/\/multimedianews.fotofreund.ch\/index.php?rest_route=\/wp\/v2\/pages"}],"about":[{"href":"https:\/\/multimedianews.fotofreund.ch\/index.php?rest_route=\/wp\/v2\/types\/page"}],"author":[{"embeddable":true,"href":"https:\/\/multimedianews.fotofreund.ch\/index.php?rest_route=\/wp\/v2\/users\/1"}],"replies":[{"embeddable":true,"href":"https:\/\/multimedianews.fotofreund.ch\/index.php?rest_route=%2Fwp%2Fv2%2Fcomments&post=57"}],"version-history":[{"count":7,"href":"https:\/\/multimedianews.fotofreund.ch\/index.php?rest_route=\/wp\/v2\/pages\/57\/revisions"}],"predecessor-version":[{"id":81,"href":"https:\/\/multimedianews.fotofreund.ch\/index.php?rest_route=\/wp\/v2\/pages\/57\/revisions\/81"}],"wp:attachment":[{"href":"https:\/\/multimedianews.fotofreund.ch\/index.php?rest_route=%2Fwp%2Fv2%2Fmedia&parent=57"}],"curies":[{"name":"wp","href":"https:\/\/api.w.org\/{rel}","templated":true}]}}